*x + 7*x - 9 = 0. List the prime factors of x.
3
List the prime factors of -4 - (891/(-6))/(2/12).
887
Let r(p) = -p**2 + p - 1. Let m(l) = -4*l**2 - 6*l + 3. Let z(j) = -m(j) - 4*r(j). Let i be z(2). Let v = i - 20. What are the prime factors of v?
17
Let x be (-366)/(-42) + 6/21. Let i be (-2)/(-6) + 69/x. List the prime factors of i - 5 - (-2 - -1).
2
Let s = -30 + 59. Let q = 63 - s. List the prime factors of q.
2, 17
Suppose -h = 2 - 4. Suppose 0 = -h*s - 0*s + 6. Suppose -8*v = -3*n - s*v - 11, 2*v = -3*n + 17. What are the prime factors of n?
3
Let s(x) = -7*x**3 + 7*x**2 - 8*x - 1. What are the prime factors of s(-6)?
1811
Let y(z) = -4*z**2 + 8*z + 6. Let s(m) = -7*m**2 + 16*m + 12. Let p(o) = 3*s(o) - 5*y(o). Let a = 12 + -5. What are the prime factors of p(a)?
13
Suppose -165*p = -168*p + 1452. List the prime factors of p.
2, 11
Let o(l) = -54*l - 19. List the prime factors of o(-11).
5, 23
Let x be (-4)/3*60/(-40). What are the prime factors of (x/(-4) + -1)*14/(-3)?
7
Let y(t) = 7*t + 48. Let i be y(-9). List the prime factors of 3/i + (-2058)/(-15).
137
Let v(b) = 27*b - 9. List the prime factors of v(3).
2, 3
Let p = -588 - -1374. What are the prime factors of p?
2, 3, 131
Suppose 5*i + 24 + 9 = m, -5*m - 3 = 3*i. Let c = -1 - i. Suppose c*r + 215 = 5*t, 4*t - 3*r + 4*r = 157. What are the prime factors of t?
2, 5
Suppose -9 = 2*k - 3. Let r(x) = -12*x. Let y be r(k). Suppose -4*b + y + 40 = 0. List the prime factors of b.
19
Let c(s) = s + 9. Let j be c(-4). Suppose j*y + 22 = -3. Let n = 6 - y. What are the prime factors of n?
11
Suppose 4*j - 75 = -j. Let h(a) = 19*a + 12. Let i be h(-1). What are the prime factors of i/((-1 + -2)/j)?
5, 7
Suppose 0 = -471*b + 484*b - 17511. What are the prime factors of b?
3, 449
Suppose 0 = s - 0*s - 11. Let m(d) = -d**3 + 10*d**2 + 12*d + 14. Let c be m(s). Suppose 4*n - c = 75. What are the prime factors of n?
5
Suppose 14 = -2*v + 4*v. Let s(o) = -o**3 + 9*o**2 - 9*o - 2. Let j be s(v). Suppose -2*w + 3*w = j. List the prime factors of w.
3, 11
Let d = 41 - 17. Let x be (1/(-4))/((-3)/d). Suppose -x*o = -6*o + 20. What are the prime factors of o?
5
Suppose 9*d - 356 = -14. Suppose 2*m = -0*m. Suppose 3*j + 4*c - 79 = m, 2*c - d = -j - 9. List the prime factors of j.
3, 7
Let c = -1465 - -1938. What are the prime factors of c?
11, 43
Suppose -19 = 4*a - 3*c - 56, 5 = 5*c. Let l(x) = x + 1. Let h be l(4). Suppose -a*t + 35 = -h*t. What are the prime factors of t?
7
Let k(h) = 3*h**3 + 11*h**2 - 12*h - 4. Let v(f) = -4*f**3 - 17*f**2 + 18*f + 6. Let m(a) = 7*k(a) + 5*v(a). What are the prime factors of m(8)?
2, 5
Let x(u) = -3 + 2 - 6*u + 23*u - 5. What are the prime factors of x(4)?
2, 31
Let s = 4 + 19. Suppose -25 - s = 4*d. List the prime factors of (46/8)/((-3)/d).
23
Let v(u) = 18*u**2 + 5*u - 8. Let z(x) = x**2 - 5*x + 7. Let r be z(4). List the prime factors of v(r).
13
List the prime factors of (-4484 - -16)/((-12)/3).
1117
Let m(v) = 0*v - 4*v - 3*v - 3. Let q be m(6). Let t = -15 - q. What are the prime factors of t?
2, 3, 5
Let p(i) = i**3 + 2*i**2 - i + 8. Let n be p(0). Suppose -n*u + 505 = -3*u. What are the prime factors of u?
101
Suppose 5*w - w - 18003 = -5*r, 2*w - 14400 = -4*r. What are the prime factors of r?
59, 61
Let b(z) be the first derivative of -z**3/3 - 9*z**2/2 + 7*z - 76. Let o(n) = -n + 1. Let v be o(7). What are the prime factors of b(v)?
5
Let k = -6 + 6. Suppose -4*m + 216 = -v, 3*m + 7*v = 3*v + 143. Suppose 3*n - m + 14 = k. List the prime factors of n.
13
Let w = -14 + 17. Suppose c - 148 = 3*y - 6*y, 46 = y - w*c. List the prime factors of y.
7
Let c be (20/(-8))/(10/(-8)). Suppose -4 = -c*j, 5*x + 2*j + 0*j - 129 = 0. What are the prime factors of x?
5
Let n be -2 + 2/(4/10). Suppose -226 + 37 = -n*x. What are the prime factors of x?
3, 7
Let d be (-195)/9 - 12/9. Let l = d + 31. What are the prime factors of l?
2
Let d(b) = 296*b**2 - 5*b + 2. What are the prime factors of d(2)?
2, 3, 7
Let j(q) = 2*q**3 - 104*q**2 - 44*q + 144. List the prime factors of j(53).
2, 5, 7
List the prime factors of -15*(-10)/(10/109).
3, 5, 109
Suppose 0 = 22*p - 18*p - 48. Let u be (-4)/p + 327/9. Suppose 4*g + u = k, -3*g = -5*k + 98 + 99. What are the prime factors of k?
2, 5
Suppose 2*w - 85 - 109 = 0. Suppose 0*v - 13 = -5*i + 3*v, v = -4*i + 7. Suppose i*h - w = 53. What are the prime factors of h?
3, 5
Let n be -76 - (-4 + 4 - -4). Let w = 3 - n. What are the prime factors of w?
83
Let v be (-10)/55 + (-136)/(-22). Suppose i - r = -0*r - v, 0 = 3*i + 3*r. Let l = i - -10. List the prime factors of l.
7
Suppose 10*y + 6300 = 22*y. What are the prime factors of y?
3, 5, 7
Suppose 5*m + 361 = -2*u, -4*m - 20*u - 286 = -17*u. Let n = m + 378. List the prime factors of n.
5, 61
Suppose -6*y + 4*y + 154 = 0. Let f = y - 122. Let w = -13 - f. List the prime factors of w.
2
Let v(t) = 31*t**2 + 8*t - 6. What are the prime factors of v(-4)?
2, 229
Let a be ((-6)/(-5))/(8/20). Suppose -a*m = m - 112. Suppose c + 120 = 5*s - 0*s, c + m = s. What are the prime factors of s?
23
Suppose 0*n - 2*n - 10 = 0. Let l = n - -10. Suppose 4*h - u - 60 - 14 = 0, -5*h = -l*u - 100. What are the prime factors of h?
2, 3
Let f(d) = 11*d + 6. Let j(l) = -155*l - 85. Let v(b) = -85*f(b) - 6*j(b). Let r be (-3 - 4 - -3)/2. What are the prime factors of v(r)?
2, 5
Let a = 402 - -58. List the prime factors of a.
2, 5, 23
What are the prime factors of 8/((60/(-786))/(-5))?
2, 131
Let n(g) = 34*g**3 - g**2 + 2*g. Suppose -3*p - 1 + 4 = 0. List the prime factors of n(p).
5, 7
Suppose 5*u - 1409 = 3*d - d, -5*u - d = -1403. Suppose 0 = 3*s - 5*a - u, 1 - 92 = -s - a. Suppose s + 43 = 5*c. List the prime factors of c.
3
Let h = 50 - 34. What are the prime factors of (-5)/((-50)/h - -3)?
2, 5
Suppose 2*t + 183 = 4*s - s, -t = -3. What are the prime factors of s?
3, 7
Let w(x) = 20*x - 24. Let a(p) = -20*p + 23. Let f(v) = -3*a(v) - 4*w(v). List the prime factors of f(-11).
13, 19
Let f(p) = 21*p**2 + p - 1. Suppose 5 = 3*t + 2. Let g be f(t). What are the prime factors of (20/35)/(6/g)?
2
Let s(k) = -k + 9. Let d be s(7). Suppose -d*p + 21 = -25. List the prime factors of p.
23
Suppose -990 = -4*l - 4890. What are the prime factors of (l/25)/((-2)/4)?
2, 3, 13
Suppose p - 297 = -4*n, 0 = -23*p + 24*p - 1. List the prime factors of n.
2, 37
Suppose -5*o = -3*i - 2 - 1, -20 = -2*i - 4*o. Suppose 5*x = i*x + 79. Suppose -6*a - 1 = -x. What are the prime factors of a?
13
Suppose 0 = 5*b + 8*b - 2353. Let i = b + -113. List the prime factors of i.
2, 17
Suppose 9 = 3*x + 2*l, 2*x + 3*l + 6 = 4*x. Suppose -5*y + 643 = d, -2*d = x*y - 3*d - 389. What are the prime factors of y?
3, 43
Suppose 5*i - 7*l + 3*l - 16 = 0, l + 7 = 2*i. Suppose 0 = -x + i*k - 0*k + 26, 4 = 2*k. Let r = -21 + x. List the prime factors of r.
13
List the prime factors of 7705/46 + 2/(-4).
167
Suppose 4*b = -1 + 5. Let k = 0 - b. What are the prime factors of -5*(27/(-5) - k)?
2, 11
List the prime factors of (-50)/(-175) + 3748/14.
2, 67
Let j = 587 - 311. Suppose 80 = u - 2*o, 3*u + 3*o + 0*o - j = 0. List the prime factors of u.
2, 11
Let i(r) = -r**2 + 3*r + 1. Let b be i(2). Suppose -b*d - 35 = -3*u - u, 3*d + 46 = 5*u. List the prime factors of u.
11
Let u(z) = 41*z**2 + 3*z - 1. Let t(o) = -41*o**2 - 3*o + 1. Let l(x) = 2*t(x) + 3*u(x). List the prime factors of l(-2).
157
Let o(y) be the third derivative of y**6/120 + y**5/3 - 53*y**4/24 + 7*y**3/3 - 33*y**2. List the prime factors of o(-22).
2, 53
Suppose 5*h = -5*b + 7235, 3*b - 5*h + 633 = 4958. What are the prime factors of b?
5, 17
Let q(a) be the third derivative of -a**6/120 + a**5/15 - a**4/24 - a**3/3 + a**2. Let s be q(3). Suppose -y = -s*y + 6. List the prime factors of y.
2
Let n = 13 + -9. Suppose -5*v + 7 = -d + 37, 0 = -n*d + 4*v + 40. Suppose -d*y = -100 - 55. What are the prime factors of y?
31
List the prime factors of (2/(-4))/((-6)/6096).
2, 127
Let a be (-1 + 6/(-4))*-2. Let l(w) = -1067*w**2 - w**3 - 6 + 8*w + 1071*w**2 + 2. What are the prime factors of l(a)?
11
Suppose 8*r - 72 = 4*r. Let p(i) = i**3 - 19*i**2 + 19*i - 12. List the prime factors of p(r).
2, 3
Let b(y) = y - 1. Let i(q) = 2*q**2 + 5. Let k(z) = 2*b(z) + i(z). Let s be k(-2). Suppose 